495*r - 183. Give y(184).
1
Let i(d) = -d**3 - 4*d**2 + 5*d + 29. Give i(-4).
9
Let j(i) = i**3 - 6*i**2 + i + 11. Give j(2).
-3
Let l(u) = -3*u**2 + 154*u + 1187. Calculate l(58).
27
Let p(g) = -92*g + 3870. Give p(42).
6
Let z(l) = -70*l**2 - 491*l - 9. What is z(-7)?
-2
Let s(w) = w**2 - 115*w - 1121. What is s(-9)?
-5
Let c(t) = 48*t**2 - 269*t - 76. Determine c(6).
38
Let b(x) = -x - 260. What is b(-45)?
-215
Let z(w) = -336*w - 6723. Give z(-20).
-3
Let p(f) = -576*f + 40325. Calculate p(70).
5
Let r(q) = 5*q**3 + 15*q**2 + 16*q - 3. Calculate r(-4).
-147
Let j(u) = -5*u**3 + 46*u**2 - 43*u + 2. Determine j(1).
0
Let w(d) = -18*d**2 + 155*d + 8. Give w(12).
-724
Let n(s) = -2*s**2 - 29*s + 36. Give n(-15).
21
Let u(f) = -f**3 - 57*f**2 + 51*f - 377. Give u(-58).
29
Let y(h) = 37*h - 1026. Determine y(28).
10
Let d(h) = -h**2 - 57*h + 1168. Give d(-73).
0
Let d(m) = -29*m**2 + 22*m - 23. Determine d(1).
-30
Let j(s) = -2*s**2 - 12*s - 6. Determine j(-8).
-38
Let l(q) = q**2 + 72*q - 709. What is l(-81)?
20
Let y(x) = -299*x**3 + x**2 + 9*x - 9. What is y(1)?
-298
Let r(p) = -16*p**2 + 338*p - 1469. Calculate r(15).
1
Let i(l) = 7*l**3 - 2*l**2 + 8*l + 11. Calculate i(-1).
-6
Let b(q) = -68*q**3 - q - 3. What is b(2)?
-549
Let z(p) = -p**2 - 36*p + 69. Determine z(-35).
104
Let z(c) = -42*c - 163. What is z(-3)?
-37
Let r(u) = 16*u**2 + 61*u - 15. What is r(0)?
-15
Let g(n) = 713*n + 4283. Determine g(-6).
5
Let l(n) = -5*n**3 - 64*n**2 - 119*n - 16. Give l(-10).
-226
Let h(d) = -194*d - 45592. What is h(-235)?
-2
Let d(m) = 3*m**3 + 194*m**2 - 141*m - 4936. What is d(-65)?
4
Let j(t) = 3*t**3 - 11*t**2 + 7*t - 33. What is j(4)?
11
Let b(j) = -4*j**3 + 32*j**2 - 33*j - 1. Calculate b(1).
-6
Let o(h) = 2*h**2 + 2*h - 12. Give o(-7).
72
Let y(b) = 2*b**3 - 58*b**2 - 885*b + 205. Determine y(40).
5
Let b(g) = 8*g**2 + 78*g - 26. Calculate b(-10).
-6
Let k(q) = -2*q**2 - 4351*q + 30565. Give k(7).
10
Let p(n) = -n**2 + 41*n + 247. Determine p(-6).
-35
Let v(n) = 3*n**2 + 13*n - 5239. Determine v(-44).
-3
Let k(w) = -w**3 + 4*w**2 + 18*w - 24. What is k(6)?
12
Let j(b) = -3*b**3 + 9*b**2 + 13*b - 36. Calculate j(4).
-32
Let v(w) = 5*w**2 - 79*w + 61. What is v(18)?
259
Let j(x) = -x**2 - 128*x + 1946. Determine j(-141).
113
Let x(z) = z**2 - 36*z - 1489. Determine x(57).
-292
Let n(x) = -30*x**2 + 190*x - 4. Determine n(6).
56
Let v(z) = -87*z + 11195. Give v(129).
-28
Let u(z) = 25*z + 104. Calculate u(-4).
4
Let f(m) = 2*m**2 + 100*m + 865. Give f(-11).
7
Let y(m) = -2*m**2 + 37*m - 227. Give y(8).
-59
Let u(b) = b**3 - 88*b**2 + 1815*b - 7. Determine u(33).
-7
Let t(q) = 3*q**2 + 25*q - 19. Determine t(-25).
1231
Let y(q) = -73*q**3 + q**2 + 15*q - 16. Determine y(1).
-73
Let r(h) = h**2 + 34*h + 294. Give r(-13).
21
Let r(m) = -50*m - 798. What is r(-16)?
2
Let m(z) = -222*z**3 + 2*z**2 - 4*z + 2. What is m(1)?
-222
Let x(z) = -z**3 + 9*z**2 - z + 66. Give x(8).
122
Let n(r) = 18*r + 633. Give n(-39).
-69
Let q(i) = -i**2 + 99*i - 2445. What is q(46)?
-7
Let v(o) = o**3 - 5*o**2 + 2*o - 32. Determine v(6).
16
Let o(h) = -3*h**3 - 12*h**2 + 13*h + 12. What is o(-5)?
22
Let v(s) = -2*s**2 - 13*s + 501. Determine v(-20).
-39
Let z(d) = 4*d**3 + 18*d**2 - 7*d - 55. Give z(-4).
5
Let n(h) = -3*h**3 - 197*h**2 - 685*h - 199. What is n(-62)?
-13
Let b(u) = -48*u + 143. Calculate b(3).
-1
Let o(r) = r**3 + 2*r**2 - 6*r - 5. Determine o(-3).
4
Let l(r) = -99*r + 508. Calculate l(5).
13
Let v(d) = 3*d**2 - 303*d + 3153. Determine v(11).
183
Let m(c) = -c**2 + 411*c + 1244. What is m(-3)?
2
Let x(z) = z**3 - 36*z**2 + 127*z - 58. Determine x(32).
-90
Let b(r) = -42*r + 796. What is b(17)?
82
Let b(h) = 6*h**2 + 79*h + 147. Give b(-6).
-111
Let y(q) = -8*q**2 + 10*q + 2. Calculate y(-2).
-50
Let r(f) = 15288*f - 107020. What is r(7)?
-4
Let o(r) = -r**3 - 84*r**2 + 260*r - 78. What is o(-87)?
9
Let z(a) = -135*a**3 - 406*a**2 - 104*a - 305. Calculate z(-3).
-2
Let a(j) = j**2 - 39*j + 46. Calculate a(0).
46
Let p(y) = -7730*y - 15465. Give p(-2).
-5
Let y(w) = -w**2 + 994*w + 2982. Determine y(-3).
-9
Let v(w) = -3*w**3 - 7*w**2 - 13*w + 5. Give v(-3).
62
Let o(x) = x**2 - 24*x - 28. Determine o(28).
84
Let t(y) = 3*y - 92. What is t(39)?
25
Let v(g) = -2*g**3 - 101*g**2 + 54*g + 174. Give v(-51).
21
Let n(u) = u**2 + 317*u + 20007. Calculate n(-87).
-3
Let z(s) = 33*s + 116. Give z(-4).
-16
Let o(v) = v**2 + 11*v - 69. Determine o(-11).
-69
Let r(x) = 24*x - 31. What is r(-1)?
-55
Let n(h) = 2*h**3 - 12*h**2 + 53*h - 73. Determine n(3).
32
Let x(v) = -4*v**2 + 38*v - 60. Give x(8).
-12
Let l(o) = -100*o - 562. Determine l(-6).
38
Let w(p) = p**3 + 116*p**2 + 187*p - 4687. Determine w(-114).
-13
Let j(p) = -4*p**3 - 12*p**2 - 6*p - 83. Calculate j(-4).
5
Let a(p) = 662*p**2 + 19*p + 2. Calculate a(1).
683
Let k(z) = z**2 + 20*z + 91. What is k(-6)?
7
Let v(k) = -1317*k + 14510. What is v(11)?
23
Let d(b) = -2*b**2 + 1114. Determine d(0).
1114
Let f(y) = -11*y**2 + 186*y + 17. Give f(17).
0
Let j(w) = 304*w + 690. Give j(-2).
82
Let v(s) = 18*s - 228. Determine v(14).
24
Let s(z) = 128*z - 1792. What is s(14)?
0
Let f(c) = 8*c**3 - 895*c**2 - 109*c - 344. Calculate f(112).
-8
Let p(y) = 294*y - 14381. Give p(49).
25
Let n(y) = 4*y**3 - 37*y**2 - 10*y + 5. Calculate n(9).
-166
Let t(k) = k**2 + 30*k + 254. Give t(-14).
30
Let j(v) = v**3 + 24*v**2 + 108*v + 25. Give j(-19).
-222
Let a(v) = -10*v**2 + 143*v + 41. What is a(17)?
-418
Let b(z) = 7058*z + 42344. Give b(-6).
-4
Let v(i) = 1422*i - 11392. Calculate v(8).
-16
Let j(y) = 5*y**3 - 51*y**2 + 22*y - 123. Calculate j(10).
-3
Let g(l) = 25*l + 165. Calculate g(-20).
-335
Let n(q) = 3*q**2 + 244*q - 1247. What is n(5)?
48
Let k(n) = -14*n + 22. What is k(5)?
-48
Let a(f) = -f**2 - 57*f + 302. What is a(-55)?
412
Let g(m) = -m**3 + 20*m**2 + 5*m + 11. What is g(0)?
11
Let i(d) = -d + 358. Calculate i(51).
307
Let c(k) = k**3 - 15*k**2 + 39*k - 18. Give c(10).
-128
Let u(i) = 3*i**2 + 75*i - 293. Give u(4).
55
Let z(f) = -7*f**2 - 66*f - 15. Give z(-9).
12
Let x(k) = -k**3 + 17*k**2 + 2*k + 6. Give x(17).
40
Let s(p) = 3*p**2 - 3*p - 5. Give s(-1).
1
Let t(u) = u**3 + 10*u**2 + 37*u + 15. Calculate t(-4).
-37
Let d(s) = 72*s + 223. Calculate d(-5).
-137
Let c(k) = -k**3 + 15*k**2 + 514*k - 8173. Determine c(17).
-13
Let q(r) = r**2 - 13*r - 335. Calculate q(23).
-105
Let f(r) = 3*r**2 + 42*r - 781. Determine f(11).
44
Let m(p) = 17*p**2 - 195*p - 116. Determine m(12).
-8
Let i(u) = u**2 + 6*u - 50. Give i(4).
-10
Let l(p) = -12*p**2 + 77*p + 31. What is l(7)?
-18
Let k(g) = -59*g + 722. What is k(22)?
-576
Let b(v) = v**2 - 9*v - 199. Determine b(19).
-9
Let a(i) = 3*i**2 - 36*i - 321. What is a(-6)?
3
Let d(b) = -2*b**2 + 5*b - 240. What is d(0)?
-240
Let t(s) = s**3 + 24*s**2 + 95*s - 402. Determine t(-17).
6
Let l(m) = 4*m**2 - 194*m - 272. What is l(50)?
28
Let t(c) = c**2 - 10*c + 24. Determine t(8).
8
Let a(n) = 31*n + 111. What is a(-5)?
-44
Let s(i) = i**3 - 24*i**2 - 117*i - 21. Give s(28).
-161
Let j(v) = 2*v**2 - 337*v + 1648. Determine j(5).
13
Let g(b) = b**3 - 10*b**2 + 4*b - 16. Calculate g(8).
-112
Let w(r) = 91*r - 1694. What is w(18)?
-56
Let p(r) = -10*r**3 + 69*r**2 + 10*r - 28. Calculate p(7).
-7
Let p(k) = -3*k**3 + 9*k + 11. Give p(-2).
17
Let w(b) = b**3 - b**2 + 6*b + 34. What is w(-4)?
-70
Let u(i) = -21*i**2 + 43*i - 1. Determine u(4).
-165
Let k(n) = -4*n + 266. Determine k(65).
6
Let m(q) = -49*q**2 + 8*q - 9. What is m(1)?
-50
Let o(f) = -2*f**2 + 510*f + 2061. What is o(-4)?
-11
Let y(r) = 376*r - 2187. What is y(6)?
69
Let y(h) = -h**2 - 69*h - 1191. Determine y(-37).
-7
Let z(n) = n**3 - 55*n**2 - 3*n + 89. Determine z(55).
-76
Let r(a) = 47*a**2 + a - 2. Determine r(-1).
44
Let v(l) = 100*l + 93. What is v(-2)?
-107
Let j(h) = -h**2 - 27*h + 133. Calculate j(-25).
183
Let s(m) = -m**3 - 24*m**2 + 84*m + 197. Give s(-27).
116
Let j(m) = 11*m - 103. Calculate j(44).
381
Let p(w) = -184*w + 1126. Give p(6).
22
Let w(t) = 26*t - 8. Determine w(1).
18
Let i(v) = -183*v**3 - 5*v**2 - 16*v + 17. Determine i(1).
-187
Let a(l) = 2*l**2 + 11*l - 7. Calculate a(4).
69
Let z(x) = x**3 + 9*x**2 - 6*x - 31. Determine z(-3).
41
Let v(z) = 392*z - 3945. Determine v(10).
-25
Let p(